11323 - -214325?
203002
In base 6, what is 44410150 - 105?
44410041
In base 2, what is -1 + -10111000010000000111100010?
-10111000010000000111100011
In base 16, what is 2 + -228a61?
-228a5f
In base 2, what is 101001 + -10110111010110010001100?
-10110111010110001100011
In base 3, what is 102110201101 + -1101?
102110200000
In base 3, what is -22221 - -2022021012020?
2022020212022
In base 10, what is -25176 + 1659?
-23517
In base 6, what is 34101134133 - -3?
34101134140
In base 4, what is 11330102102 + 3320?
11330112022
In base 5, what is 134011 + 3420244?
4104310
In base 10, what is -1099084 - -19?
-1099065
In base 5, what is -3 - -12040034131?
12040034123
In base 3, what is -211000002111111 + -112?
-211000002112000
In base 11, what is -3a9 - 55626?
-55a24
In base 16, what is 47 - -195422?
195469
In base 12, what is 29010 - -67a?
2968a
In base 14, what is 3 - -15aca624?
15aca627
In base 13, what is 46 - 51bc?
-5176
In base 15, what is -2 - 12cc3c?
-12cc3e
In base 13, what is 1 - -18a639b8?
18a639b9
In base 5, what is 11 - 3000402?
-3000341
In base 7, what is 204613 - -14333?
222246
In base 8, what is 3 - 35666625?
-35666622
In base 2, what is -1 - 10100000100010011100000?
-10100000100010011100001
In base 4, what is -20223320223 - -1011?
-20223313212
In base 8, what is -103 + 1573073?
1572770
In base 11, what is -12683 - 3aa?
-12a82
In base 9, what is 1161 + -42283?
-41122
In base 9, what is 2 + -180624207?
-180624205
In base 7, what is 5532224 + -25?
5532166
In base 12, what is 1003 - -760b0?
770b3
In base 5, what is 1 - 10202103003?
-10202103002
In base 14, what is 3496 - -4824?
7cba
In base 6, what is -15110553112 + 2?
-15110553110
In base 16, what is -6f + -e8d4e?
-e8dbd
In base 8, what is -16176 + 321?
-15655
In base 5, what is 331 + 21323122?
21324003
In base 2, what is -100010101110101110100 - 1?
-100010101110101110101
In base 2, what is 101100110001 - -10100100000?
1000001010001
In base 14, what is 64d635a5 - -3?
64d635a8
In base 5, what is -1 - 4121203032?
-4121203033
In base 12, what is 160148a88 - 3?
160148a85
In base 4, what is 3001 - -1230102333?
1230112000
In base 11, what is -645 + -a349?
-a993
In base 12, what is 6130b31 - -8?
6130b39
In base 5, what is -4321201113 - -430?
-4321200133
In base 16, what is 9a + -1575?
-14db
In base 5, what is -4220 - -2434131?
2424411
In base 3, what is 2000111 - 12002120202?
-12000120021
In base 15, what is 264 - 66ab5?
-66851
In base 16, what is -1 - -c1f648?
c1f647
In base 14, what is 6c5a + 13d?
6d99
In base 15, what is -a8 + -170d84?
-170e3c
In base 7, what is 5 - -43552540?
43552545
In base 15, what is -38c8e06 - -5?
-38c8e01
In base 12, what is 137849 - -449?
138096
In base 5, what is 11 - 1043434333?
-1043434322
In base 3, what is 2011221100011 + -222?
2011221022012
In base 15, what is 568 + -292b2?
-28c49
In base 11, what is -143aa35 + -1?
-143aa36
In base 9, what is -4 - 573434353?
-573434357
In base 16, what is fea - -b9?
10a3
In base 3, what is 100 + 22102221120?
22102221220
In base 8, what is 14 - 6615576?
-6615562
In base 11, what is 9a7 + 6395?
7291
In base 2, what is 11 + 11010110001000011001111?
11010110001000011010010
In base 2, what is 0 - 1100101111010101101?
-1100101111010101101
In base 12, what is 4889 + -260?
4629
In base 14, what is 43 - -5312a?
5316d
In base 7, what is -53661 - 445?
-54436
In base 5, what is 1 + 21143004301?
21143004302
In base 9, what is 371 - 567475?
-567104
In base 9, what is -45 - 665350?
-665405
In base 13, what is -1 - b6c593?
-b6c594
In base 12, what is 8 + -287343?
-287337
In base 3, what is 11200200212201 - 111?
11200200212020
In base 7, what is 36330 + -131041?
-61411
In base 8, what is -2134313731 + -2?
-2134313733
In base 11, what is -182061 - -36?
-182026
In base 12, what is 361259b - 26?
3612575
In base 7, what is -102121223 + 62?
-102121131
In base 2, what is -1010011011 + 1011100100100111?
1011011010001100
In base 15, what is -c3b1 + 47?
-c369
In base 9, what is 127848445 - -6?
127848452
In base 7, what is 23231662 + -302?
23231360
In base 13, what is -312a - -6889?
375c
In base 14, what is 8 - 7bd1bd?
-7bd1b5
In base 9, what is -723613 + -421?
-724134
In base 3, what is -10 - -111021201111120021?
111021201111120011
In base 15, what is 22c6 - -200a?
42d1
In base 2, what is -1000010 + -1010001010011001011010?
-1010001010011010011100
In base 6, what is -42035522 + -325?
-42040251
In base 2, what is -10101001 - -101110110101000001?
101110110010011000
In base 15, what is 2aa8a - -74?
2ab0e
In base 8, what is 4 - 7305136?
-7305132
In base 4, what is -2311301133 - -1100?
-2311300033
In base 14, what is 3 + 70036c?
700371
In base 6, what is 51303301 + 4?
51303305
In base 15, what is 6960 + -c03?
5c5c
In base 3, what is 112122 - -211220200?
212110022
In base 9, what is -8656 - -2640?
-6016
In base 5, what is 11 + 13102030103?
13102030114
In base 5, what is -41000141303 + -1?
-41000141304
In base 15, what is 14639a1d + 1?
14639a1e
In base 16, what is 11a360 - 63?
11a2fd
In base 16, what is 4d + 1032d?
1037a
In base 11, what is 6091 + -9322?
-3241
In base 15, what is -78ae0d + 7?
-78ae06
In base 8, what is 2742643 + 20?
2742663
In base 9, what is 42 + -218217?
-218165
In base 5, what is 1 - 140430214041?
-140430214040
In base 16, what is -4 + 2d5439?
2d5435
In base 10, what is 62715 + 472?
63187
In base 5, what is 4024 - -2042?
11121
In base 10, what is -541818 + -647?
-542465
In base 3, what is -100 + -2001011122012100?
-2001011122012200
In base 8, what is -14 - -3352164?
3352150
In base 6, what is 1504144125 - -42?
1504144211
In base 10, what is -1 - 3623315?
-3623316
In base 9, what is 73866622 + -10?
73866612
In base 6, what is -504131243 + 2?
-504131241
In base 7, what is 633463466 + -3?
633463463
In base 4, what is -1133112020230210 - -10?
-1133112020230200
In base 9, what is 4356 + 241040?
245406
In base 16, what is 11eb + 771?
195c
In base 5, what is -20030424 - -13013?
-20012411
In base 14, what is -95b8 - -17cc?
-7bca
In base 13, what is 312881 - 5?
312879
In base 8, what is -34743375 - 21?
-34743416
In base 13, what is -3aa6239 + -2?
-3aa623b
In base 8, what is -3314 - -6442?
3126
In base 12, what is a443 - 728?
9917
In base 11, what is -3 - 3979556?
-3979559
In base 9, what is 271182 - 14?
271167
In base 2, what is 1001 - -11011101010100000000110?
11011101010100000001111
In base 6, what is 130 + 2055025?
2055155
In base 6, what is 23044423 + 143?
23045010
In base 12, what is -4693 + -35285?
-39958
In base 5, what is 3 + 411034440?
411034443
In base 14, what is -941 + -1203?
-1b44
In base 16, what is -6695 + 4b7?
-61de
In base 16, what is -3e204 + ed?
-3e117
In base 5, what is -4242 + 3134000?
3124203
In base 9, what is 2242 - -4552?
6804
In base 6, what is 2334025 + 3404?
2341433
In base 6, what is -5 + -1100040505?
-1100040514
In base 3, what is 201010 + 22212210012?
22220111022
In base 4, what is -113 - -301301022322?
301301022203
In base 14, what is ab3 - 52a9?
-45d6
In base 10, what is 299714 + -145?
299569
In base 16, what is -2 - 67bfdf0?
-67bfdf2
In base 15, what is -b0 + -261?
-321
In base 16, what is -5 - -6c5b5e0?
6c5b5db
In base 2, what is 101011100111010011001011 + 101?
101011100111010011010000
In base 5, what is -1314202013 + -414?
-1314202432
In base 9, what is -144683 + 7828?
-135754
In base 6, what is 130 - 40444212?
-40444042
In base 3, what is 112011 - 101111121?
-100222110
In base 13, what is -c4837 + a2?
-c4765
In base 15, what is 47 - e8?
-a1
In base 9, what is 24014476 + -4?
24014472
In base 16, what is -4ab + 4a14?
4569
In base 7, what is 2634 + -304200?
-301233
In base 3, what is 10210121 + 1200210102?
1211121000
In base 2, what is 1101111111100011110100011 + -10?
1101111111100011110100001
In base 14, what is 6 + aa592c?
aa5934
In base 6, what is -21142014431 - -4?
-21142014423
In base 10, what is 943050 + -27?
943023
In base 4, what is -1210102230331 + 12?
-1210102230313
In base 6, what is -101201 + -25010?
-130211
In base 10, what is 280 - 1116849?
-1116569
In base 14, what is 28 + -1655119?
-16550d1
In base 3, what is 12111210 + 10002112212?
10022001122
In base 16, what is 6703bc + -1?
6703bb
In base 12, what is -919b6 + 4b8?
-914ba
In base 7, what is 12150643 - 13?
12150630
In base 15, what is -b05c5 - 4?
-b